s(2)?
1
Let r(h) = h**3 + 0*h**3 + 11*h**2 - h - 8*h**2 + 8*h**2 - 12. Let a be r(-11). Calculate the remainder when (0 - a - -2) + 62 is divided by 17.
14
Suppose 3*h = 2*x - 183, 3*x + 5*h - 164 - 101 = 0. What is the remainder when 988 is divided by x?
88
Suppose -2*b + 3*q + 563 = 3*b, 0 = -4*q + 16. Calculate the remainder when b is divided by 30.
25
Suppose -k + 6 = 2*f, 22 = 7*k - 2*k + 2*f. Suppose -k*z + 3 = -21. Calculate the remainder when 23 is divided by z.
5
Suppose 0 = 4*z, 0 = n - 0*n - 4*z - 28. Calculate the remainder when n is divided by 1/(-2)*3*-4.
4
Let i(u) = 3*u**2 + u + 2. Let g be i(-1). Calculate the remainder when (-177 + -1)*g*(-5)/40 is divided by 10.
9
Suppose 0*j + 42 = 3*j. Let f(s) = 13*s - 11. Let v be f(4). Suppose -118 = -3*p + v. What is the remainder when p is divided by j?
11
Suppose -528 + 515 = -y. What is the remainder when 15 is divided by y?
2
Let s(o) = -o**2 + 7*o - 4. Let b be s(5). Let c(m) = m. What is the remainder when (3 - (-2)/b)/((-2)/(-6)) is divided by c(6)?
4
Suppose 11815 + 905 = 10*w. What is the remainder when w is divided by 85?
82
Suppose -331 = -12*b + 161. What is the remainder when 244 is divided by b?
39
Suppose 0 = -j + x + 56, 3*j + 0*x - 192 = -3*x. What is the remainder when j is divided by 21?
18
Let u(a) = -a**3 + a**2 + 86. Suppose 0 = 2*i + 1 + 1. Let k be 1*0/((-2)/i). Calculate the remainder when u(k) is divided by 22.
20
Suppose 101*x = 112*x - 143. What is the remainder when 102 is divided by x?
11
Let i be (-1)/2 + (-1876)/(-8). Let p be i/5 - (-7)/35. Suppose -3*g - 3*s = -141, -g + 0*g = -4*s - p. Calculate the remainder when g is divided by 7.
5
Let t(y) = 8*y - 88. Calculate the remainder when 60 is divided by t(15).
28
Let i(l) = -l - 4. Let f be 1/(26/(-6) - -4). Let m be i(f). What is the remainder when m + 3 - 124/(-2) is divided by 13?
12
Let t(a) = -a - 1. Let j(k) be the third derivative of 3*k**5/20 + k**4/12 + k**3/6 + 3*k**2. What is the remainder when t(-16) is divided by j(-1)?
7
Let d(t) = -t - 1. Let q(u) = u**2 - 4*u - 1. Let m(z) = -6*d(z) + q(z). What is the remainder when 118 is divided by m(-5)?
18
Let w = 17 - 11. Let x be w*-3*10/(-45). What is the remainder when 8 is divided by (3 + 6 - x)*1?
3
Suppose -17 = -3*g - 0*c - c, -10 = -2*c. Suppose 50 = -d + g*d + y, 2*d = 3*y + 48. What is the remainder when 34 is divided by d?
16
Suppose -5*r - 47 = 18. Let p = 46 + r. What is the remainder when p is divided by 20?
13
Suppose -4*b = -11 + 83. Let a = 20 + b. Let w(z) = z**2 + 3*z - 5. Calculate the remainder when w(-5) is divided by a.
1
Suppose -2*u + 21 = u. Suppose -5*c = -u*c + 78. What is the remainder when c is divided by 15?
9
Let h(t) = t**2 + 10*t - 2. Let m be h(-11). Let i = -812 - -1448. Calculate the remainder when (-6)/m - i/(-9) is divided by 24.
22
Suppose -4*h + 46 = -94. Let a = h - -15. Calculate the remainder when a is divided by 13.
11
Suppose -63 = 3*j - 51, 240 = 4*z + j. Calculate the remainder when z is divided by 32.
29
Suppose 118 = 3*l - a, 4*a = l - 0*a - 21. Suppose 0 = 4*p + 12, n = 2*n - p - 166. Calculate the remainder when n is divided by l.
40
Let s = -111 - -85. Let u(z) = z**2 + 23*z - 41. Let q = -6 + 16. What is the remainder when u(s) is divided by q?
7
Let l(j) = j**3 + 4*j**2 - 4*j + 1. Let i be l(3). Calculate the remainder when (-8)/i + (-1878)/(-39) is divided by 25.
23
Suppose -82 = -5*f + 3*o - 4*o, -2*f = -4*o - 24. Calculate the remainder when 76 is divided by f.
12
Suppose 54*j - 32 = 52*j. Suppose 305 = j*i - 11*i. What is the remainder when i is divided by 32?
29
Suppose -4*c - y + 497 = c, 5*y - 285 = -3*c. Suppose -3*q + c = -212. Calculate the remainder when (q/(-10))/(20/(-50)) is divided by 14.
12
Suppose -5*i + 21 = -v, -3*i + 3 = -4*v + 4. Suppose 3*d + 111 = 4*y - 552, -y = -i*d - 187. What is the remainder when y is divided by 41?
39
Suppose -17*n + 101 = 3*l - 18*n, -l + 37 = 3*n. Calculate the remainder when 339 is divided by l.
33
Calculate the remainder when 11*1/11 + 562/2 is divided by 41.
36
Calculate the remainder when 118 is divided by -13*19/(-8) - (-1)/8.
25
Suppose 61 = 3*c + 2*i, -i - 212 = -217. Let o(z) = -16*z. What is the remainder when o(-2) is divided by c?
15
Suppose 0 = -p - 5*i + 70, 5*p - 3*i = -i + 296. What is the remainder when p is divided by 22?
16
Suppose -97 = -2*s + 7. Suppose -3*z + s = 4*l, -3*z = 4*l - l - 54. What is the remainder when 38 is divided by z?
18
Let q be (1 + 15)*(-1)/(-2). Let u(x) = 11*x - 44. Suppose 0*v = -2*v + 32. What is the remainder when u(q) is divided by v?
12
Suppose -2262 = -13*d - 26*d. Calculate the remainder when 229 is divided by d.
55
Let n(u) be the second derivative of u**5/20 - 5*u**4/12 - 17*u**3/6 - 3*u**2 - 8*u. What is the remainder when n(8) is divided by 26?
24
Let t = 611 - 367. What is the remainder when t is divided by 57?
16
Let w(y) = -y**3 - 3*y**2 + 5*y + 3. Let x be w(-4). Let h = 13 + x. Suppose 13*i - 57 = h*i. What is the remainder when i is divided by 12?
9
Let v(x) = -x + 12. Suppose a - 7*a = 0. Suppose 5*z + 0*z - 110 = a. Calculate the remainder when z is divided by v(0).
10
Suppose -3*z + 68 = -2*z. What is the remainder when z + (2 + 10)/4 is divided by 18?
17
Let o(j) = -14*j + 184. Calculate the remainder when o(12) is divided by 16.
0
Let d = 26 - -3. Suppose -92 - 84 = -2*h - 2*x, 0 = 2*h + 4*x - 186. Suppose 4*k = 5*t - h, 70 = 4*t + k - 6*k. Calculate the remainder when d is divided by t.
14
Let x(w) = -54*w**3 + 11*w**2 + 21*w - 2. Calculate the remainder when x(-2) is divided by 109.
105
Let v = -288 + 645. Suppose b = 2*x - 253, -2*x - 3*b + v = x. Calculate the remainder when x is divided by 25.
24
Suppose 2*g = -5*c - 21, 0*c + 23 = 4*g - 3*c. Let l be (-10)/6*24/g. Let b = l + 34. What is the remainder when b is divided by 8?
6
Let c(j) = -j**2 - 44*j - 106. Calculate the remainder when c(-35) is divided by 14.
13
Let g(l) = l**3 + 13*l**2 + 2*l + 7. Let j be g(-13). Let x = j + 56. Suppose 0*d - 435 = -3*d. What is the remainder when d is divided by x?
34
Let f = -28 - -59. Suppose -99*s - 26*s + 11500 = 0. Calculate the remainder when s is divided by f.
30
Suppose -353 = -2*x + 5*o, -4*x - 2*o + 746 = -4*o. What is the remainder when x is divided by 39?
33
Let l(q) = -q**2 + 15*q + 3. Let w(g) = g**2 - 12*g + 14. Let r be w(12). Let o = 6 - -1. Calculate the remainder when l(r) is divided by o.
3
Suppose 3*f + 98 = 4*s, 0*s = f - 4*s + 38. Let d = f - -22. Calculate the remainder when 36 is divided by 264/30 - d/(-10).
4
Suppose 5*b = 0, p - b + 5*b = -4. Calculate the remainder when 7 is divided by p*1*9/(-9).
3
Let k = -717 - -971. Calculate the remainder when k is divided by 99.
56
Suppose -b + 4 = -21. Suppose -v = 3*v + 5*i - 67, -3*v + 36 = -i. Calculate the remainder when b is divided by v.
12
Let j(u) = 7*u**2 + 11*u - 5. Let k be j(-5). Suppose -5*w + 5*t + k = 0, t - 82 = -4*w - 0*t. Calculate the remainder when 74 is divided by w.
11
Let z = -34 - -91. Suppose -2*x + 132 = 4*j, -4*j = x - z - 15. What is the remainder when x is divided by 7?
4
Let x = -44 - -98. Suppose -3*f = -4*t - 81, -f + 4*f = -3*t + 81. Let c = f + -13. Calculate the remainder when x is divided by c.
12
Let i be 33/22 - (-2342)/4. Suppose -5*j - i = 463. What is the remainder when 81 is divided by ((-16)/10)/(12/j)?
25
Let j be (-3 - 2)/5*8. What is the remainder when 8 is divided by (-20)/8*(j - -6)?
3
Suppose 3*s - 40 = -3*c + c, 2*s + 5*c = 34. What is the remainder when 262 is divided by s?
10
Calculate the remainder when (-15)/(5 - (-748)/(-143)) is divided by 40.
25
Let q = 338 - 326. Calculate the remainder when 186 is divided by q.
6
Let k be -18*(0 - (-4)/(-6)). Let h = 21 - k. Suppose 3*v + 6 = 54. What is the remainder when v is divided by h?
7
Let d = 49 - 177. Let c = 136 + d. Calculate the remainder when 159 is divided by c.
7
Suppose -f + 49 = f + 5*i, -4*f = -3*i - 33. Suppose -120 + f = -3*n. What is the remainder when n is divided by 10?
6
Suppose 4*y = 2*w - 7*w + 551, -5*y = 3*w - 692. Calculate the remainder when y is divided by 39.
22
Suppose -4*m - 4*y - 2804 = -7*m, y = -2. Calculate the remainder when m is divided by 36.
32
Let q = 805 + -666. What is the remainder